, 41
What are the prime factors of 57959?
11, 479
What are the prime factors of 784?
2, 7
What are the prime factors of 3137?
3137
What are the prime factors of 4024?
2, 503
What are the prime factors of 3586?
2, 11, 163
What are the prime factors of 87583?
87583
What are the prime factors of 2421?
3, 269
What are the prime factors of 4898?
2, 31, 79
What are the prime factors of 20443?
20443
List the prime factors of 142236.
2, 3, 439
List the prime factors of 10362.
2, 3, 11, 157
What are the prime factors of 5886?
2, 3, 109
What are the prime factors of 2977?
13, 229
What are the prime factors of 34047?
3, 13, 97
What are the prime factors of 424?
2, 53
What are the prime factors of 2964?
2, 3, 13, 19
List the prime factors of 3994.
2, 1997
List the prime factors of 74499.
3, 19, 1307
List the prime factors of 68746.
2, 37, 929
List the prime factors of 579.
3, 193
List the prime factors of 48558.
2, 3, 8093
What are the prime factors of 648?
2, 3
What are the prime factors of 5474?
2, 7, 17, 23
What are the prime factors of 1058?
2, 23
What are the prime factors of 380?
2, 5, 19
What are the prime factors of 61674?
2, 3, 19, 541
List the prime factors of 27528.
2, 3, 31, 37
What are the prime factors of 389?
389
What are the prime factors of 176?
2, 11
What are the prime factors of 1604?
2, 401
What are the prime factors of 3378?
2, 3, 563
What are the prime factors of 28408?
2, 53, 67
List the prime factors of 900.
2, 3, 5
List the prime factors of 299.
13, 23
What are the prime factors of 6902?
2, 7, 17, 29
List the prime factors of 10176.
2, 3, 53
List the prime factors of 1200.
2, 3, 5
What are the prime factors of 2003?
2003
What are the prime factors of 21528?
2, 3, 13, 23
What are the prime factors of 42965?
5, 13, 661
What are the prime factors of 1096?
2, 137
What are the prime factors of 3889?
3889
What are the prime factors of 3404?
2, 23, 37
What are the prime factors of 50916?
2, 3, 4243
What are the prime factors of 1065?
3, 5, 71
What are the prime factors of 77850?
2, 3, 5, 173
What are the prime factors of 14377?
11, 1307
List the prime factors of 62429.
163, 383
What are the prime factors of 102627?
3, 7, 181
What are the prime factors of 1147?
31, 37
What are the prime factors of 3348?
2, 3, 31
What are the prime factors of 16866?
2, 3, 937
List the prime factors of 19666.
2, 9833
What are the prime factors of 40417?
13, 3109
What are the prime factors of 28775?
5, 1151
What are the prime factors of 1351?
7, 193
What are the prime factors of 5726?
2, 7, 409
What are the prime factors of 464?
2, 29
List the prime factors of 941.
941
List the prime factors of 140.
2, 5, 7
What are the prime factors of 25949?
7, 11, 337
List the prime factors of 59808.
2, 3, 7, 89
What are the prime factors of 80076?
2, 3, 6673
List the prime factors of 39357.
3, 4373
What are the prime factors of 5354?
2, 2677
List the prime factors of 452.
2, 113
What are the prime factors of 15596?
2, 7, 557
List the prime factors of 25867.
25867
List the prime factors of 2078.
2, 1039
What are the prime factors of 59500?
2, 5, 7, 17
List the prime factors of 377.
13, 29
What are the prime factors of 2813?
29, 97
List the prime factors of 53658.
2, 3, 11, 271
List the prime factors of 110044.
2, 11, 41, 61
List the prime factors of 960.
2, 3, 5
List the prime factors of 1025.
5, 41
What are the prime factors of 67927?
67927
What are the prime factors of 53531?
199, 269
List the prime factors of 245.
5, 7
What are the prime factors of 57873?
3, 101, 191
List the prime factors of 5724.
2, 3, 53
List the prime factors of 1724.
2, 431
List the prime factors of 3553.
11, 17, 19
List the prime factors of 350.
2, 5, 7
List the prime factors of 974.
2, 487
What are the prime factors of 424?
2, 53
List the prime factors of 19.
19
List the prime factors of 182127.
3, 11, 5519
What are the prime factors of 5027?
11, 457
List the prime factors of 740.
2, 5, 37
What are the prime factors of 1954?
2, 977
What are the prime factors of 3673?
3673
What are the prime factors of 9736?
2, 1217
What are the prime factors of 21695?
5, 4339
List the prime factors of 3530.
2, 5, 353
List the prime factors of 63271.
13, 31, 157
What are the prime factors of 82872?
2, 3, 1151
List the prime factors of 438.
2, 3, 73
What are the prime factors of 12691?
7, 37
List the prime factors of 347.
347
List the prime factors of 2012.
2, 503
List the prime factors of 11088.
2, 3, 7, 11
List the prime factors of 29401.
29401
What are the prime factors of 1412?
2, 353
List the prime factors of 14328.
2, 3, 199
List the prime factors of 9532.
2, 2383
List the prime factors of 20693.
20693
What are the prime factors of 1695?
3, 5, 113
List the prime factors of 6906.
2, 3, 1151
What are the prime factors of 347?
347
List the prime factors of 3572.
2, 19, 47
List the prime factors of 18180.
2, 3, 5, 101
List the prime factors of 126686.
2, 7, 9049
List the prime factors of 55256.
2, 6907
List the prime factors of 1661.
11, 151
List the prime factors of 13872.
2, 3, 17
List the prime factors of 24142.
2, 12071
List the prime factors of 2738.
2, 37
What are the prime factors of 1908?
2, 3, 53
List the prime factors of 59432.
2, 17, 19, 23
What are the prime factors of 3114?
2, 3, 173
What are the prime factors of 16302?
2, 3, 11, 13, 19
List the prime factors of 5679.
3, 631
What are the prime factors of 1767?
3, 19, 31
What are the prime factors of 2273?
2273
What are the prime factors of 8061?
3, 2687
List the prime factors of 44509.
47, 947
What are the prime factors of 1922?
2, 31
List the prime factors of 13266.
2, 3, 11, 67
What are the prime factors of 402?
2, 3, 67
List the prime factors of 1176.
2, 3, 7
List the prime factors of 28443.
3, 19, 499
What are the prime factors of 1219?
23, 53
What are the prime factors of 447?
3, 149
What are the prime factors of 292?
2, 73
What are the prime factors of 1409?
1409
List the prime factors of 899.
29, 31
What are the prime factors of 2061?
3, 229
List the prime factors of 72750.
2, 3, 5, 97
List the prime factors of 1969.
11, 179
List the prime factors of 45059.
7, 41, 157
What are the prime factors of 80587?
13, 6199
List the prime factors of 2953.
2953
List the prime factors of 2759.
31, 89
What are the prime factors of 1823?
1823
What are the prime factors of 33615?
3, 5, 83
List the prime factors of 2102.
2, 1051
What are the prime factors of 36361?
13, 2797
List the prime factors of 7431.
3, 2477
What are the prime factors of 710?
2, 5, 71
What are the prime factors of 525?
3, 5, 7
List the prime factors of 8655.
3, 5, 577
List the prime factors of 2940.
2, 3, 5, 7
What are the prime factors of 3100?
2, 5, 31
What are the prime factors of 34806?
2, 3, 5801
List the prime factors of 3160.
2, 5, 79
List the prime factors of 35389.
43, 823
List the prime factors of 701.
701
List the prime factors of 1040.
2, 5, 13
What are the prime factors of 413?
7, 59
List the prime factors of 2049.
3, 683
List the prime factors of 50312.
2, 19, 331
What are the prime factors of 11661?
3, 13, 23
List the prime factors of 4872.
2, 3, 7, 29
List the prime factors of 61.
61
What are the prime factors of 3527?
3527
List the prime factors of 23672.
2, 11, 269
What are the prime factors of 16900?
2, 5, 13
List the prime factors of 939.
3, 313
List the prime factors of 34426.
2, 7, 2459
List the prime factors of 6039.
3, 11, 61
List the prime factors of 969.
3, 17, 19
List the prime factors of 647.
647
What are the prime factors of 14022?
2, 3, 19, 41
What are the prime factors of 23941?
89, 269
What are the prime factors of 2662?
2, 11
List the prime factors of 5399.
5399
What are the prime factors of 94002?
2, 3, 15667
What are the prime factors of 2284?
2, 571
List the prime factors of 768.
2, 3
What are the prime factors of 559?
13, 43
What are the prime factors of 468?
2, 3, 13
List the prime factors of 61838.
2, 7, 631
List the prime factors of 16060.
2, 5, 11, 73
What are the prime factors of 67280?
2, 5, 29
What are the prime factors of 128869?
13, 23, 431
List the prime factors of 44691.
3, 14897
List the prime factors of 1805.
5, 19
What are the prime factors of 13799?
13799
List the prime factors of 1888.
2, 59
List the prime factors of 12334.
2, 7, 